
Let p = 365 - 363. Let k(s) = 3 + 12*s + 0*s**2 - 13*s + s**2 - 5*s**p - s**3. What is k(-4)?
7
Let d = -1494 + 1501. Let a(t) = 2*t - 9. What is a(d)?
5
Let d(l) = -4 - 5 - 6 + 9 - 1 + l. What is d(-3)?
-10
Let s be (6/(-32)*-12)/((-12)/128). Let g(f) = -f**2 - 25*f - 31. Give g(s).
-7
Let p be ((-160)/56)/((-8)/84*3). Let d(v) = v**2 - 4*v + 15. Let k(i) = -i**2 + 5*i - 15. Let s(g) = -6*d(g) - 7*k(g). What is s(p)?
5
Let q be (12/9)/(3*(-48)/108). Let m(t) = 10*t**2 + 2*t + 1. Determine m(q).
9
Suppose -3*w + q = 38, -4*q - 28 = 2*w + w. Let u be w/(-8)*(-20)/(-15). Suppose u*b - 10*b - 4*b = 0. Let s(y) = -y**2 + y + 8. Determine s(b).
8
Let f(x) = -18 + 1436892*x - 1436885*x - 9. Calculate f(-9).
-90
Let b(t) = -8*t**2 + t**2 + t**3 - 8*t**2 + 1003 + 9*t**2 - 1005 + t. Suppose -3*z - 3*i + 9 = 0, i - 11 = -6*z + 3*z. Give b(z).
-30
Suppose 5*c - 32 = -86*a + 88*a, 5*a + 3*c + 111 = 0. Let h(q) = -2*q - 36. Calculate h(a).
6
Let s be -2 + 8 - (-4 - -12). Suppose -3*i + 2 = -7. Let b(q) = q + i + 0*q + q - 2 - q**3. Give b(s).
5
Let j(u) = -u**2 - 2*u. Let k(n) = 5*n**2 + 15*n - 25. Let t(r) = -4*j(r) - k(r). Determine t(-10).
-5
Let w(b) = 9*b**2 - 2*b + 73. Let p(c) = -7*c**2 + 2*c - 68. Let z(n) = 4*p(n) + 3*w(n). Give z(0).
-53
Let w(g) = -g**2 - 5*g - 5. Let t = 63 + -54. Let u be (-66)/88*60/t. Calculate w(u).
-5
Let l(m) = -4*m - 1. Let x(o) = 21*o + 6. Let u(i) = -i**2 - 8*i + 9. Let n = 29 + -39. Let c be u(n). Let f(d) = c*l(d) - 2*x(d). Give f(2).
3
Let l(j) be the third derivative of j**7/2520 + j**6/80 - 13*j**5/120 + 17*j**4/4 + j**2 + 146*j. Let n(c) be the second derivative of l(c). Give n(-9).
-13
Suppose -8 = 13*t - 5*t. Let k be 5 + 5 + t + -8. Let i(r) = -10*r**3 - 1. Give i(k).
-11
Let r(b) = -4*b - 3. Let c = 493 + 98. Let i = 592 - c. Calculate r(i).
-7
Suppose 5*r = 3*b - 47, b - 32 = 5*r - 3. Let z(d) = 12*d - 8 + d**3 - 6*d**2 - 3*d**2 - d - d**2. Give z(b).
10
Let t(q) = -q**3 - 22*q**2 + 26*q + 51. Let c(g) = -g**3 - 12*g**2 - 78*g - 1206. Let l be c(-13). Determine t(l).
-18
Suppose 2 = -2*z - 0, 0 = 3*f - 4*z - 4. Suppose -q + 3*d - 7 = f, 2*d = -d + 9. Let j(x) = 0*x - q - 5*x + 6*x + 13. What is j(0)?
11
Let d(m) be the first derivative of m**4/4 + 8*m**3/3 + 4*m**2 - 2*m + 72. Let s be d(-7). Let j(x) = -x**3 - 9*x**2 + 11. What is j(s)?
11
Let c(j) = j**3 - 5*j**2 - 4*j - 7. Let p = 55 + -405. Let z = p + 355. Determine c(z).
-27
Let b(c) = -c**3 - 5*c**2 - 4*c - 2. Let n = -210 + 215. Suppose n*z + 6 = -19. Calculate b(z).
18
Let u(x) = 2*x**3 - 15*x**2 - 9*x + 17. Suppose -340*h + 164*h = -1408. Calculate u(h).
9
Let y(h) be the first derivative of h**2/2 - 2*h + 1. Let o = -142 + 147. Let v(q) = 40*q - 193. Let f be v(o). Determine y(f).
5
Let g(s) be the second derivative of s**5/20 - 7*s**4/12 + 11*s**3/6 + 2*s**2 - 721*s. Give g(5).
9
Let y(i) = -4*i**2 - 2*i. Let l(b) = -5*b**2 - 3*b. Let f(j) = 3*l(j) - 4*y(j). Suppose 37*o - 32*o + 60 = 0. Let m be (52/(-8) - -6)/((-2)/o). What is f(m)?
12
Let m(f) = -f**3 + 6*f**2 - 2*f + 1. Let n(d) = -3*d**3 - 20*d**2 - 46. Let z(r) = r**3 - 9*r**2 + 20*r - 19. Let b be z(6). Let x be n(b). Calculate m(x).
22
Let t(a) = -a + 5. Let u(f) = 2*f**3 + f**2 - 4*f + 3. Let z be u(2). Suppose -4*c - 5*y = -216, -z - 201 = -4*c + y. Let m = 59 - c. Give t(m).
0
Suppose 12 = -f + 3*t - 6, 20 = -4*f - t. Let i(u) be the first derivative of -1/3*u**3 - 6*u - 9 - 7/2*u**2. What is i(f)?
0
Let v(z) = 47*z - 298. Let o(b) = -27*b + 298. Let w(k) = -3*o(k) - 2*v(k). Calculate w(-23).
1
Suppose 4*h + 3*u = 80, 4*u - 17 = -1. Suppose m - 4*n = 5 + 4, 3*m - 2*n = h. Let z(y) = -2*y**2 + 8*y - 6. Calculate z(m).
-16
Suppose -4*m + 15 = f - 1, -3*m + 12 = -2*f. Let x(c) = -2*c + 8*c + c**3 - m*c**2 + 0*c**3 + 5 - 4*c. What is x(3)?
2
Let w(u) = -u + 5. Let a be (-245)/(-21) - ((-14)/6 - -3). Give w(a).
-6
Let g be -10 + (-704)/(-448) + 4/(-7). Let q(t) = t**3 + 8*t**2 - 6*t - 11. Give q(g).
-38
Let t(u) = 4*u**2 - 9*u + 1. Let i be 9/(-11) - (-2)/(-11). Let w(d) = -d**2 + 36 + 0*d - 37 + d. Let q(l) = i*t(l) - 3*w(l). Determine q(6).
2
Let k(c) = -5*c. Let s(g) = g**2 + 29*g - 910. Let y be s(-48). Determine k(y).
-10
Let n(o) = -3*o**2 - 12*o - 4. Suppose -1820 = 67*t + 388*t. Calculate n(t).
-4
Let k(l) = l**2 - l - 2. Let u(s) be the first derivative of -2*s**3/3 - 9*s**2/2 + 5*s - 12. Let v(h) = -k(h) - u(h). Suppose x - 2*x - 10 = 0. What is v(x)?
-3
Let x(b) = 64*b - 365. Let k be x(6). Let n = -13 - -15. Let d(o) = o**3 + 126*o**n - k - 125*o**2 + o - 1. Calculate d(0).
-20
Let c(p) = 4*p - 2*p**2 - 3*p - 6*p**3 - 7*p**3 - 4*p**3. Suppose 17*x - 7 + 53 = 63*x. Give c(x).
-18
Let j(x) = x**2 + 4*x - 1003 + 621 + 374. Suppose 19 = -2*c + r + 5, 4*c - 3*r + 30 = 0. Determine j(c).
4
Let u = -299 - -305. Suppose -2*k + 4 = -u, 3*x - 4*k = -20. Let p(r) = -r**3 - r**2 - 12. Give p(x).
-12
Let u(f) = -f**3 - 12*f**2 - 22*f + 7. Let y(z) = -z**3 - 25*z**2 + 125*z - 757. Let c be y(-30). Calculate u(c).
-84
Let y be (-1)/(-3) + 2600/156. Let b(r) = -2*r**2 + 35*r - 1. What is b(y)?
16
Let m(r) be the first derivative of r**3/3 + 7*r**2/2 - 9*r + 1116. Calculate m(-10).
21
Let u(j) = 182 + 7*j - 173 - j**2 - 3*j + 2*j**2. Let k(r) = r + 1. Let c(p) = 6*k(p) - u(p). What is c(0)?
-3
Let l(g) be the first derivative of 11*g**3/3 + 199*g**2/2 + 27*g + 8808. Determine l(-18).
9
Let x = 0 - -4. Let d be ((0 - -2) + -1 - 5) + x. Let l(h) = h + 3*h**2 - 8*h**2 + 0*h**2 + d*h. Determine l(1).
-4
Let j be (-7)/5 - (-4 - (-115)/25). Let k(m) be the first derivative of m**2 + 4*m + 4302. Calculate k(j).
0
Let g be -172 + 162 - 1*(-122)/12. Let u(k) be the third derivative of 1/24*k**4 - g*k**3 + 0*k + 0 + 24*k**2 - 1/60*k**5. What is u(3)?
-7
Let j(l) = 2*l + 3. Let k = -688 + 704. Suppose g - 45 = k*g. Give j(g).
-3
Suppose 0 = -5*u - 11*u + 272688. Let m(v) = u - 17043 - 6*v. What is m(-1)?
6
Let o(l) be the first derivative of l**4/24 - l**3/6 + 269*l**2/2 - 180. Let k(i) be the second derivative of o(i). Let w = -7 - -10. Calculate k(w).
2
Let k(f) be the second derivative of f**4/4 + f**3/2 + f**2/2 - 3*f. Let h be k(-2). Let u(x) = h + 8 - 14 - x. Give u(6).
-5
Let z = -6 - -9. Suppose 0*t + 62 = z*t - c, -3*t + 3*c = -60. Suppose -18*r + 15 = -t*r. Let k(j) = -j - 2. Calculate k(r).
3
Suppose -1131*s + 1129*s + 6 = 0. Suppose -15 = -s*n - 36. Let c(f) = -f - 2. Give c(n).
5
Let x(g) be the first derivative of -4*g**3/3 - 17*g + 69. Let n(f) = f**2 + 5. Let h(m) = -14*n(m) - 4*x(m). Determine h(2).
6
Let m(h) = -14*h + 7. Suppose 4*d - 3*i + 29 = 0, 32*d = 27*d + 3*i - 34. What is m(d)?
77
Let x(m) = 2*m**2 + 2*m - 5. Let q be 24/(-14)*(-238)/34*2/12. Calculate x(q).
7
Let l(u) = 14*u + 61. Let o be l(-4). Suppose -5*w = 3*s - w + 8, 41 = 4*s - o*w. Let b(t) = -3*t - 4. Calculate b(s).
-16
Let r(n) = 2*n + 3. Let s(v) = -v - 2. Let x(f) = -4*r(f) - 9*s(f). Let c(i) = 2*i**3 + 17*i**2 + 3*i + 2. Let m be c(-8). Let l be (1*-4)/(21/m). What is x(l)?
-2
Let u(g) = 2*g**2 - 30*g + 50. Let i(d) = -d**2 + 103*d - 1647. Let p be i(83). Calculate u(p).
-2
Let s(w) = -w**2 + 30*w - 121. Let v be (-43)/(-8) - ((-23)/(-552))/((-4)/(-36)). Give s(v).
4
Let t(d) = -4*d**3 + 225*d**2 - 57*d + 52. Suppose -19712 = 1113*y - 1465*y. Calculate t(y).
-4
Suppose 0 = m - 17 - 3. Suppose 0 = 3*s - 6*s - 3*v + 24, 0 = -s - 4*v + m. Let g(r) be the first derivative of r**3/3 - 7*r**2/2 + 2*r + 4533. Calculate g(s).
-10
Let l(r) = r**3 + 19*r**2 + 21*r + 6. Suppose -69*u - 1011 = 231. Calculate l(u).
-48
Let n(g) = 2*g**2 - 23*g + 32. Let c be n(10). Let x(v) = 589 - 587 + 2*v**2 + 0*v**2 + 2*v**3. What is x(c)?
26
Suppose 4*z - 952 = 1008. Let h = 487 - z. Let a(d) = -2*d**3 - 5*d**2 - 4*d - 1. Give a(h).
20
Let k(x) = 4 + 302*x - 1198*x - x**3 + 301*x - 6*x**2 + 297*x + 2*x**3 + 296*x. Let j be 2/(-7) + 44/7. Calculate k(j).
-8
Suppose 162 = -68*d + 95*d. Suppose 0 = -2*r - 2*o - 24, -2*r - d*o + 3*o - 29 = 0. Let t(z) = -2*z - 17. Calculate t(r).
-3
Let m(d) = d**2 - 6*d - 17. Let g be 6/(-27) + 217/189*15. Suppose -g*j - 4*j = -168. Calculate m(j).
-1
Let s(x) = 50*x - 30 + 258*x**2 + 8 - 3*x + 0*x**3 - x**3 - 271*x**2. Let f be s(-16). Let j(z) = -z**2 - 3*z + 2. Give j(f).
-16
Let s(r) be the first de